{"id":267,"date":"2025-04-30T10:43:40","date_gmt":"2025-04-30T10:43:40","guid":{"rendered":"https:\/\/tintoreriatot-sec.es\/?page_id=267"},"modified":"2025-04-30T10:43:41","modified_gmt":"2025-04-30T10:43:41","slug":"policita-de-cookies","status":"publish","type":"page","link":"https:\/\/tintoreriatot-sec.es\/index.php\/policita-de-cookies\/","title":{"rendered":"Pol\u00edcita de cookies"},"content":{"rendered":"\n<p>En Tintorer\u00eda Tot-sec utilizamos cookies para mejorar tu experiencia en nuestro sitio web. A continuaci\u00f3n, te explicamos qu\u00e9 son las cookies, c\u00f3mo las usamos y c\u00f3mo puedes gestionarlas.<\/p>\n\n\n\n<p><strong>1. \u00bfQu\u00e9 son las cookies?<\/strong><br>Las cookies son peque\u00f1os archivos de texto que se almacenan en tu navegador cuando visitas una p\u00e1gina web. Sirven para reconocer tu dispositivo y recordar cierta informaci\u00f3n sobre tu visita.<\/p>\n\n\n\n<p><strong>2. \u00bfQu\u00e9 tipos de cookies usamos?<\/strong><\/p>\n\n\n\n<ul class=\"wp-block-list\">\n<li><strong>Cookies esenciales:<\/strong> Necesarias para el funcionamiento b\u00e1sico del sitio web.<\/li>\n\n\n\n<li><strong>Cookies de an\u00e1lisis:<\/strong> Nos permiten entender c\u00f3mo los usuarios interact\u00faan con el sitio para mejorar nuestros servicios.<\/li>\n\n\n\n<li><strong>Cookies de personalizaci\u00f3n:<\/strong> Ayudan a mostrar contenido adaptado a tus preferencias.<\/li>\n<\/ul>\n\n\n\n<p><strong>3. \u00bfC\u00f3mo usamos las cookies?<\/strong><br>Utilizamos cookies para:<\/p>\n\n\n\n<ul class=\"wp-block-list\">\n<li>Recordar tus preferencias de navegaci\u00f3n.<\/li>\n\n\n\n<li>Analizar el tr\u00e1fico del sitio web.<\/li>\n\n\n\n<li>Ofrecer una mejor experiencia de usuario.<\/li>\n<\/ul>\n\n\n\n<p><strong>4. Gesti\u00f3n de cookies:<\/strong><br>Puedes aceptar, rechazar o configurar el uso de cookies desde la configuraci\u00f3n de tu navegador. Ten en cuenta que desactivar ciertas cookies puede afectar el funcionamiento del sitio web.<\/p>\n\n\n\n<p><strong>5. Cambios en esta pol\u00edtica:<\/strong><br>Podemos actualizar esta pol\u00edtica en cualquier momento. Te recomendamos revisarla peri\u00f3dicamente.<\/p>\n\n\n\n<p><strong>Contacto:<\/strong><br>Si tienes preguntas sobre nuestra pol\u00edtica de cookies, puedes escribirnos o visitarnos en nuestro establecimiento.<\/p>\n","protected":false},"excerpt":{"rendered":"<p>En Tintorer\u00eda Tot-sec utilizamos cookies para mejorar tu experiencia en nuestro sitio web. A continuaci\u00f3n, te explicamos qu\u00e9 son las cookies, c\u00f3mo las usamos y c\u00f3mo puedes gestionarlas. 1. \u00bfQu\u00e9 son las cookies?Las cookies son peque\u00f1os archivos de texto que se almacenan en tu navegador cuando visitas una p\u00e1gina web. Sirven para reconocer tu dispositivo [&hellip;]<\/p>\n","protected":false},"author":3,"featured_media":0,"parent":0,"menu_order":0,"comment_status":"closed","ping_status":"closed","template":"","meta":{"saved_in_kubio":false,"footnotes":""},"class_list":["post-267","page","type-page","status-publish","hentry"],"kubio_ai_page_context":{"short_desc":"","purpose":"general"},"_links":{"self":[{"href":"https:\/\/tintoreriatot-sec.es\/index.php\/wp-json\/wp\/v2\/pages\/267","targetHints":{"allow":["GET"]}}],"collection":[{"href":"https:\/\/tintoreriatot-sec.es\/index.php\/wp-json\/wp\/v2\/pages"}],"about":[{"href":"https:\/\/tintoreriatot-sec.es\/index.php\/wp-json\/wp\/v2\/types\/page"}],"author":[{"embeddable":true,"href":"https:\/\/tintoreriatot-sec.es\/index.php\/wp-json\/wp\/v2\/users\/3"}],"replies":[{"embeddable":true,"href":"https:\/\/tintoreriatot-sec.es\/index.php\/wp-json\/wp\/v2\/comments?post=267"}],"version-history":[{"count":2,"href":"https:\/\/tintoreriatot-sec.es\/index.php\/wp-json\/wp\/v2\/pages\/267\/revisions"}],"predecessor-version":[{"id":279,"href":"https:\/\/tintoreriatot-sec.es\/index.php\/wp-json\/wp\/v2\/pages\/267\/revisions\/279"}],"wp:attachment":[{"href":"https:\/\/tintoreriatot-sec.es\/index.php\/wp-json\/wp\/v2\/media?parent=267"}],"curies":[{"name":"wp","href":"https:\/\/api.w.org\/{rel}","templated":true}]}}